99978256.
2, 7, 11, 641, 1013
List the prime factors of 29237574.
2, 3, 4872929
List the prime factors of 1130150901.
3, 11, 3793, 9029
What are the prime factors of 161710380?
2, 3, 5, 13, 29, 2383
What are the prime factors of 32735813?
11, 2975983
List the prime factors of 95264713.
95264713
List the prime factors of 3482868575.
5, 139314743
What are the prime factors of 16360035?
3, 5, 17, 64157
List the prime factors of 1126382497.
1103, 1021199
What are the prime factors of 44096538?
2, 3, 17, 71, 6089
What are the prime factors of 1112941933?
223, 4990771
List the prime factors of 1055928822.
2, 3, 13, 83, 211, 773
List the prime factors of 3057000023.
7, 11, 3609209
What are the prime factors of 1093305010?
2, 5, 7, 191, 81773
What are the prime factors of 338578633?
191, 239, 7417
List the prime factors of 212423974.
2, 7, 15173141
What are the prime factors of 41064829?
13, 293, 10781
List the prime factors of 448035957.
3, 49781773
List the prime factors of 28457469.
3, 631, 5011
List the prime factors of 316372799.
8287, 38177
List the prime factors of 380077173.
3, 7, 861853
List the prime factors of 103184204.
2, 29, 889519
List the prime factors of 26019261.
3, 31, 179, 521
List the prime factors of 1968461126.
2, 31, 31749373
List the prime factors of 39577408.
2, 13, 47569
List the prime factors of 584842039.
971, 602309
List the prime factors of 168154781.
2143, 78467
List the prime factors of 1520601.
3, 389, 1303
What are the prime factors of 3381127743?
3, 7, 173, 132953
What are the prime factors of 78625160?
2, 5, 1965629
What are the prime factors of 796380232?
2, 17, 5855737
List the prime factors of 22027521.
3, 7342507
List the prime factors of 463235324.
2, 2141, 54091
What are the prime factors of 162724812?
2, 3, 2729, 4969
What are the prime factors of 73715901?
3, 7, 607, 5783
What are the prime factors of 242434525?
5, 97, 257, 389
List the prime factors of 1784899663.
1217, 1466639
List the prime factors of 76417263.
3, 13, 31, 2341
What are the prime factors of 5091271674?
2, 3, 23, 157, 234989
What are the prime factors of 2435210775?
3, 5, 10823159
List the prime factors of 473947255.
5, 631, 150221
List the prime factors of 4313752118.
2, 13, 165913543
What are the prime factors of 181055313?
3, 19, 1058803
List the prime factors of 2957940863.
2957940863
List the prime factors of 1150132761.
3, 127792529
List the prime factors of 35524501.
73, 486637
List the prime factors of 3801410768.
2, 653, 363841
List the prime factors of 46550707.
7, 127, 52363
List the prime factors of 2554429385.
5, 510885877
What are the prime factors of 83722901?
211, 463, 857
What are the prime factors of 43270389?
3, 17, 31, 3041
What are the prime factors of 677837930?
2, 5, 7, 11, 317, 2777
What are the prime factors of 21855854?
2, 277, 39451
List the prime factors of 71256220.
2, 5, 7, 508973
What are the prime factors of 136543902?
2, 3, 11, 31, 6067
List the prime factors of 22423134.
2, 3, 53, 107, 659
List the prime factors of 39265404.
2, 3, 1321, 2477
List the prime factors of 138092209.
19, 109, 131, 509
List the prime factors of 1669958118.
2, 3, 1063, 87277
List the prime factors of 86520212.
2, 2777, 7789
What are the prime factors of 19481028?
2, 3, 7, 4733
What are the prime factors of 305072888?
2, 17, 2243183
List the prime factors of 122565666.
2, 3, 23, 888157
List the prime factors of 1396784940.
2, 3, 5, 17, 23, 59539
What are the prime factors of 188003404?
2, 19, 29, 197, 433
What are the prime factors of 12665066?
2, 557, 11369
List the prime factors of 128805377.
128805377
What are the prime factors of 203369076?
2, 3, 1883047
What are the prime factors of 79831596?
2, 3, 13, 631, 811
What are the prime factors of 408520272?
2, 3, 8510839
List the prime factors of 1770195950.
2, 5, 35403919
List the prime factors of 451903338.
2, 3, 127, 197683
What are the prime factors of 71437518?
2, 3, 1322917
What are the prime factors of 749790481?
11, 379, 179849
List the prime factors of 6784956.
2, 3, 29, 67, 97
List the prime factors of 20741296.
2, 1296331
What are the prime factors of 24662448?
2, 3, 57089
What are the prime factors of 614833813?
11, 73, 227, 3373
List the prime factors of 116994428.
2, 4283, 6829
What are the prime factors of 1580531533?
7, 61, 3701479
What are the prime factors of 178055288?
2, 4127, 5393
What are the prime factors of 454812098?
2, 13, 31, 41, 13763
List the prime factors of 5409723351.
3, 167, 10797851
What are the prime factors of 2497463912?
2, 31, 10070419
List the prime factors of 187483604.
2, 7, 11, 86959
What are the prime factors of 78200814?
2, 3, 13033469
What are the prime factors of 77870591?
17, 401, 11423
What are the prime factors of 135895862?
2, 4937, 13763
List the prime factors of 720756735.
3, 5, 17, 19, 148763
What are the prime factors of 83833748?
2, 20958437
What are the prime factors of 894674342?
2, 447337171
What are the prime factors of 486874079?
43, 1823, 6211
List the prime factors of 334355157.
3, 37150573
List the prime factors of 624753240.
2, 3, 5, 157, 33161
What are the prime factors of 7229565831?
3, 31, 77737267
List the prime factors of 586453231.
7, 13, 6444541
What are the prime factors of 1200926056?
2, 11, 107, 127541
List the prime factors of 47502929.
1453, 32693
What are the prime factors of 225911026?
2, 11, 19, 107, 5051
List the prime factors of 45394367.
29, 1565323
What are the prime factors of 385490329?
7, 67, 821941
List the prime factors of 1494407495.
5, 7, 181, 419, 563
What are the prime factors of 807098788?
2, 201774697
List the prime factors of 37871983.
2371, 15973
List the prime factors of 318248891.
17, 43, 47, 59, 157
What are the prime factors of 97686578?
2, 11, 89, 49891
List the prime factors of 1517516244.
2, 3, 19, 1217, 1823
What are the prime factors of 3483402181?
7, 347, 1434089
List the prime factors of 2433586293.
3, 270398477
What are the prime factors of 628007405?
5, 125601481
List the prime factors of 70140695.
5, 251, 55889
What are the prime factors of 93725635?
5, 18745127
List the prime factors of 14876563.
13, 19, 41, 113
List the prime factors of 36030279.
3, 12010093
List the prime factors of 424409961.
3, 23, 149, 41281
What are the prime factors of 707214610?
2, 5, 70721461
What are the prime factors of 755279388?
2, 3, 20979983
List the prime factors of 6751835158.
2, 17, 29, 293, 23371
List the prime factors of 444315087.
3, 43, 191, 6011
What are the prime factors of 5293359384?
2, 3, 220556641
What are the prime factors of 169168601?
7, 919, 26297
List the prime factors of 2654162816.
2, 20735647
What are the prime factors of 73056117?
3, 701, 34739
What are the prime factors of 249949820?
2, 5, 71, 176021
What are the prime factors of 341492056?
2, 17, 2510971
What are the prime factors of 1193110169?
6781, 175949
List the prime factors of 204431711.
11, 18584701
What are the prime factors of 3065746466?
2, 223, 6873871
What are the prime factors of 163301863?
23, 7100081
List the prime factors of 41756164.
2, 10439041
List the prime factors of 147656148.
2, 3, 107, 114997
What are the prime factors of 339703383?
3, 73, 1551157
What are the prime factors of 837526209?
3, 13, 23, 167, 5591
List the prime factors of 819170567.
31, 47, 562231
What are the prime factors of 66481696?
2, 17, 122209
What are the prime factors of 344560056?
2, 3, 23, 624203
List the prime factors of 185638910.
2, 5, 67, 277073
List the prime factors of 1246190905.
5, 19, 89, 147391
List the prime factors of 15992646.
2, 3, 43, 61987
What are the prime factors of 1922338780?
2, 5, 96116939
What are the prime factors of 3175766752?
2, 99242711
What are the prime factors of 190930591?
47, 151, 26903
What are the prime factors of 304954485?
3, 5, 11, 401, 419
List the prime factors of 43267213.
11, 47, 83689
What are the prime factors of 909309489?
3, 11, 167, 164999
List the prime factors of 1523012011.
181, 881, 9551
List the prime factors of 1653277188.
2, 3, 137773099
What are the prime factors of 5076376180?
2, 5, 43, 677, 8719
List the prime factors of 75187080.
2, 3, 5, 73, 2861
List the prime factors of 389296868.
2, 59, 727, 2269
What are the prime factors of 2764196428?
2, 7, 14103043
Wha